what is 1 - 5040?
-5038
In base 15, what is -5 - 30?
-35
In base 7, what is 3 - -5342?
5345
In base 13, what is 21 - -12?
33
In base 5, what is 1211 + -112?
1044
In base 7, what is 64 - -166?
263
In base 8, what is 2 - 14275?
-14273
In base 13, what is 3 + -1285?
-1282
In base 6, what is 4 - 120?
-112
In base 13, what is -2 + -47b?
-480
In base 14, what is -1aad + -1?
-1ab0
In base 10, what is 4571 - -5?
4576
In base 2, what is -11 - -11110111100?
11110111001
In base 16, what is -12 - -86?
74
In base 3, what is 1212 - 2?
1210
In base 12, what is 62 - -123?
185
In base 12, what is -1a08 - 1?
-1a09
In base 2, what is 10 + 11001101?
11001111
In base 5, what is -31441 - 3?
-31444
In base 10, what is 0 - 33?
-33
In base 15, what is 12 + -48?
-36
In base 9, what is -320 + 34?
-275
In base 3, what is -22 + -1201?
-2000
In base 2, what is -1000001100 + 0?
-1000001100
In base 7, what is 54 - -163?
250
In base 13, what is 2b0 + -4?
2a9
In base 6, what is -1 - -10404?
10403
In base 9, what is 6 + -634?
-627
In base 13, what is 67 + 3?
6a
In base 13, what is 35 - -1?
36
In base 2, what is 100 - -1010000?
1010100
In base 6, what is -3 + -1525?
-1532
In base 9, what is 0 - -36?
36
In base 7, what is 5 + -205?
-200
In base 13, what is -1 + -9c?
-a0
In base 3, what is -12220 - -11?
-12202
In base 3, what is 1202 - 1?
1201
In base 4, what is 101123 + 13?
101202
In base 4, what is 23 - 1332?
-1303
In base 15, what is -1 + -13c?
-13d
In base 9, what is -275 - 5?
-281
In base 5, what is 1120430 + 2?
1120432
In base 10, what is 888 + 4?
892
In base 8, what is 130 + 65?
215
In base 11, what is -2 + 136?
134
In base 15, what is -2b6 + 0?
-2b6
In base 2, what is -10011111 + -11?
-10100010
In base 8, what is 2 + -114?
-112
In base 7, what is -26 - -4?
-22
In base 3, what is 2001 - -10?
2011
In base 12, what is -288 + 5?
-283
In base 11, what is 0 - 135?
-135
In base 8, what is 1270 - -3?
1273
In base 11, what is -31 + -293?
-314
In base 13, what is 0 + -cc?
-cc
In base 14, what is -4633 - -2?
-4631
In base 10, what is -21 + 1036?
1015
In base 6, what is 21 + -2033?
-2012
In base 2, what is -11110011111 + 10?
-11110011101
In base 16, what is 7b1 - 5?
7ac
In base 5, what is -1130 - -1001?
-124
In base 15, what is -15 + 1b2?
19c
In base 13, what is -2 + -88?
-8a
In base 3, what is 12 + 1220?
2002
In base 4, what is -230 + 10100?
3210
In base 16, what is -8e + -3?
-91
In base 5, what is -10 - 4044?
-4104
In base 16, what is -6 + -42?
-48
In base 8, what is -3 + 477?
474
In base 12, what is -3b + 1b?
-20
In base 11, what is 0 + 730?
730
In base 5, what is -23001 + -10?
-23011
In base 16, what is -1f5 + 8?
-1ed
In base 8, what is 5 - -25?
32
In base 11, what is 125a - 5?
1255
In base 16, what is d + a?
17
In base 14, what is 0 + -16b?
-16b
In base 7, what is 3 + -3540?
-3534
In base 7, what is 4 - 144?
-140
In base 16, what is 4 - -1d9?
1dd
In base 4, what is 11 + -310?
-233
In base 13, what is b12 - -5?
b17
In base 3, what is 1200 - 12?
1111
In base 10, what is -231 + -1?
-232
In base 8, what is 22 + 312?
334
In base 13, what is 37 - 7?
30
In base 13, what is 0 + 26?
26
In base 13, what is -3 + -425?
-428
In base 13, what is -1 - 1a7?
-1a8
In base 12, what is 59 + 4?
61
In base 6, what is -234 + -3?
-241
In base 11, what is 3 + -17?
-14
In base 4, what is 210300 + -2?
210232
In base 8, what is 175 - 202?
-5
In base 16, what is -32 + e?
-24
In base 15, what is -9b - 5?
-a1
In base 13, what is -3 - -4a4?
4a1
In base 9, what is 48 - 1?
47
In base 12, what is 21 + 12?
33
In base 6, what is -2 + -15124?
-15130
In base 2, what is -100101 + 1111100?
1010111
In base 2, what is 110000 - 101?
101011
In base 14, what is -1 - 76?
-77
In base 16, what is 4 + -e9b?
-e97
In base 8, what is 2 - -437?
441
In base 11, what is 22a - 82?
158
In base 14, what is -4 - -a9?
a5
In base 12, what is 99a - -3?
9a1
In base 3, what is -10 - 101?
-111
In base 10, what is 2 - -3?
5
In base 8, what is -24 - 77?
-123
In base 3, what is 1110 + 2?
1112
In base 15, what is 1 + -a?
-9
In base 11, what is 1 - 44?
-43
In base 10, what is 0 - -198?
198
In base 4, what is -10 + 111?
101
In base 10, what is 31 - -4?
35
In base 13, what is 2a3 - -3?
2a6
In base 16, what is 5c2 + 2?
5c4
In base 6, what is 2 + 15?
21
In base 15, what is -9 + -a?
-14
In base 13, what is 6 - -b?
14
In base 10, what is 5092 - 4?
5088
In base 13, what is -1246 + 0?
-1246
In base 16, what is -ac + -2?
-ae
In base 10, what is -7 - -5?
-2
In base 3, what is -11001 - -2?
-10222
In base 6, what is 12 + 12?
24
In base 13, what is 4c + -5?
47
In base 7, what is -50464 + -3?
-50500
In base 6, what is -43141 - -4?
-43133
In base 7, what is -14 + 144?
130
In base 15, what is -778 - 2?
-77a
In base 11, what is 3 + 131?
134
In base 15, what is 3 + -17?
-14
In base 4, what is 2212 + 3?
2221
In base 7, what is -166 - 3?
-202
In base 9, what is 1642 + 5?
1647
In base 15, what is 4 + 284?
288
In base 12, what is 3291 + 3?
3294
In base 8, what is 0 - 70?
-70
In base 11, what is 143 - 6?
138
In base 15, what is -1 - a6b?
-a6c
In base 14, what is 2 - -aa?
ac
In base 15, what is 7 + -10b8?
-10b1
In base 4, what is 3133 + -20?
3113
In base 13, what is -25 - -21?
-4
In base 15, what is -19d - -15?
-188
In base 3, what is -1100 + -10100?
-11200
In base 3, what is -11 + 10110?
10022
In base 7, what is 20 - 6?
11
In base 2, what is -101 - 11001?
-11110
In base 14, what is -250d + 4?
-2509
In base 3, what is 0 + 111222?
111222
In base 15, what is -4e6 + -2?
-4e8
In base 15, what is 0 + 506?
506
In base 15, what is -c79 - 1?
-c7a
In base 2, what is -100 + 11111101111?
11111101011
In base 2, what is 0 + -11100?
-11100
In base 2, what is -1111000111 + -100?
-1111001011
In base 13, what is -3cb - -21?
-3aa
In base 5, what is -1 + -10103?
-10104
In base 7, what is 4 + 3006?
3013
In base 14, what is a - 19?
-d
In base 11, what is -1 - -a4?
a3
In base 13, what is -3 + 83?
80
In base 16, what is -2e8 + -3?
-2eb
In base 12, what is -638 + 1?
-637
In base 3, what is 121 - -10200?
11021
In base 12, what is -6664 + -1?
-6665
In base 2, what is -1000 + -110011001?
-110100001
In base 16, what is 31 - 16?
1b
In base 3, what is -102222 - -21?
-102201
In base 8, what is -1 + 240?
237
In base 2, what is -11111110101 + -1?
-11111110110
In base 12, what is -59 - 3?
-60
In base 2, what is 11 + -1000100?
-1000001
In base 2, what is 1 + -110001?
-110000
In base 14, what is -563 - 4?
-567
In base 15, what is -9 + 10?
6
In base 12, what is -975 + 5?
-970
In base 2, what is -11 - -10100101000?
10100100101
In base 8, what is -13 + 6?
-5
In base 11, what is 1116 - -3?
1119
In base 13, what is -2c - 2?
-31
In base 8, what is -1 + -3?
-4
In base 11, what is -4 - 5427?
-5430
In base 7, what is 3 - 2406?
-2403
In base 6, what is 11 - -221?
232
In base 6, what is -140 - 11?
-151
In base 11, what is 1 + -3180?
-317a
In base 9, what is 2 + -535?
-533
In base 7, what is 1032 - 3?
1026
In base 5, what is -112422 - -2?
-112420
In base 16, what is 111 + 2?
113
In base 12, what is -581 + -3?
-584
In base 3, what is 210 + 2000?
2210
In base 7, what is 13 - -4?
20
In base 7, what is -5 - -3252?
3244
In base 13, what is 8 + 176?
181
In base 12, what is 5b2 + 4?
5b6
In base 9, what is 6 - -182?
188
In base 16, what is -3 + 46c?
469
In base 7, what is 61 - 4?
54
In base 11, what is 6407 + -5?
6402
In base 10, what is -914 + -5?
-919
In base 13, what is 2 - -2b?
30
In base 13, what is 1ba - 4?
1b6
In base 3, what is 10 + 102101?
102111
In base 16, what is -8 - c0?
-c8
In base 15, what is 5 + 213?
218
In base 15, what is -3 - -67?
64
In base 8, what is -4 - -64?
60
In base 12, what is b - -6?
15
In base 6, what is 1 + 51?
52
In base 4, what is 10 - 23?
-13
In base 2, what is 1001 - 1111100?
-1110011
In base 13, what is 408 - -2?
40a
In base 8, what is -6 + 623?
615
In base 11, what is 1a - 317?
-2a8
In base 4, what is 3102 - 302?
2200
In base 13, what is -2 - -260?
25b
In base 6, what is 1035150 - -2?
1035152
In base 11, what is -4 - -334?
330
In base 12, what is 54 + -3a?
16
In base 9, what is 3334 + -4?
3330
In base 5, what is -21 + 41?
20
In base 5, what is 11 + 331?
342
In base 16, what is -ee - 4?
-f2
In base 14, what is 15 - 1b5?
-1a0
In base 3, what is 22 + 20020?
20112
In base 7, what is -3 + -22